







{"id":3,"date":"2021-04-22T16:10:17","date_gmt":"2021-04-22T16:10:17","guid":{"rendered":"http:\/\/overqvyc.com\/?page_id=3"},"modified":"2024-06-20T16:10:53","modified_gmt":"2024-06-20T16:10:53","slug":"privacy-policy","status":"publish","type":"page","link":"https:\/\/overqvyc.com\/index.php\/privacy-policy\/","title":{"rendered":"Privacy Policy"},"content":{"rendered":"\n<p>Pol\u00edtica Privacidad.<\/p>\n\n\n\n<p>De conformidad con el REGLAMENTO (UE) 2016\/679 DEL PARLAMENTO EUROPEO Y DEL CONSEJO de 27 de abril de 2016 relativo a la protecci\u00f3n de las personas f\u00edsicas en lo que respecta al tratamiento de datos personales y a la libre circulaci\u00f3n de estos datos y por el que se deroga la Directiva 95\/46\/CE (Reglamento general de protecci\u00f3n de datos &#8211; RGPD), la presente Pol\u00edtica de Privacidad regula los tratamientos de datos de car\u00e1cter personal llevados a cabo como consecuencia del uso de la p\u00e1gina web https:\/\/overqvyc.com\/ (En adelante &#8220;La web&#8221;)<\/p>\n\n\n\n<h3 class=\"wp-block-heading\">Informaci\u00f3n b\u00e1sica sobre protecci\u00f3n de datos.<\/h3>\n\n\n\n<h3 class=\"wp-block-heading\">Responsable.<\/h3>\n\n\n\n<p>El responsable del fichero de datos obtenidos en los formularios de contacto de la p\u00e1gina web, as\u00ed como de comunicaciones realizadas por correo electr\u00f3nico es <a href=\"mailto:overqvyc@gmail.com\">overqvyc@gmail.com<\/a> con domicilio fiscal en MADRID provista de CIF n\u00famero B72593825 e inscrita en el Registro Mercantil de MADRID<\/p>\n\n\n\n<p>La presente pol\u00edtica de privacidad ser\u00e1 v\u00e1lida \u00fanicamente para los datos de car\u00e1cter personal obtenidos en la web, no siendo aplicable en aquella informaci\u00f3n recogida por terceros de otras p\u00e1ginas web, incluso si estas se encuentran enlazadas por la propia web de OVER QVYC<\/p>\n\n\n\n<p>Finalidad.<\/p>\n\n\n\n<p>Los datos recogidos en la web ser\u00e1n tratados con la finalidad comercial como consecuencia de las solicitudes, gestiones o tr\u00e1mites que el usuario facilite mediante la web.<\/p>\n\n\n\n<p>Los datos objetos de tratamiento ser\u00e1n aquellos que el usuario facilite a trav\u00e9s de los formularios que en cada momento contenga la web, o a trav\u00e9s de los correos electr\u00f3nicos que el usuario dirija a las cuentas de correo identificadas en la web.<br>Los datos recogidos en cualquiera de los formularios de contacto, suscripciones o env\u00edos de correo electr\u00f3nico que el usuario realice sobre la web, se almacenan en un fichero con la exclusiva finalidad comercial<\/p>\n\n\n\n<p>Destinatarios.<\/p>\n\n\n\n<p>OVER QVYC es el destinatario de los datos de los usuarios recogidos a trav\u00e9s de la p\u00e1gina web.<\/p>\n\n\n\n<p>Los datos recogidos a trav\u00e9s de la web no ser\u00e1n cedidos a tercero salvo necesidad expresa.<\/p>\n\n\n\n<p>En tal caso \u00fanicamente se comunicar\u00e1n aquellos datos imprescindibles para la prestaci\u00f3n de los servicios contratados cuyo cumplimiento y desarrollo impliquen necesariamente la conexi\u00f3n de datos y la transmisi\u00f3n necesaria de los mismos.<br>La autorizaci\u00f3n de los usuarios para el tratamiento y cesi\u00f3n de sus datos tiene car\u00e1cter revocable sin efecto retroactivo.<\/p>\n\n\n\n<p>Derechos.<\/p>\n\n\n\n<p>Los usuarios tienen derecho al acceso, rectificaci\u00f3n, cancelaci\u00f3n y oposici\u00f3n (en adelante &#8220;ARCO&#8221;) de sus datos, as\u00ed como a revocar su consentimiento o ejercer su derecho al olvido en los t\u00e9rminos previstos legalmente, dirigiendo un escrito a overqvyc@gmail.com acompa\u00f1ando documento que acredite su identidad.<\/p>\n\n\n\n<p>Tambi\u00e9n podr\u00e1 ejercer su derecho ARCO a trav\u00e9s del correo electr\u00f3nico: &nbsp;<a href=\"mailto:overqvyc@gmail.com\">overqvyc@gmail.com<\/a> con la cumplimentaci\u00f3n de los formularios habilitados por la empresa.<br>Los usuarios podr\u00e1n oponerse al tratamiento de cualquiera de sus datos que no sean imprescindibles para la prestaci\u00f3n de servicios ofertados en la web y a su uso para cualquier finalidad distinta del mantenimiento de su relaci\u00f3n de la especificada en la misma, en cuyo caso \u00fanicamente conservaremos esos datos para el ejercicio o la defensa de reclamaciones.<br>En cumplimiento de lo prevenido en el art\u00edculo 21 de la Ley 34\/2002 de servicios de la sociedad de la informaci\u00f3n y comercio electr\u00f3nico, si usted no desea recibir m\u00e1s informaci\u00f3n sobre nuestros servicios, puede darse de baja a trav\u00e9s del bot\u00f3n incluido en cada uno de los boletines electr\u00f3nicos o enviando un correo a la direcci\u00f3n electr\u00f3nica &nbsp;<a href=\"mailto:overqvyc@gmail.com\">overqvyc@gmail.com<\/a> indicando en el asunto BAJA<br>En \u00faltima instancia puede solicitar informaci\u00f3n sobre sus derechos y presentar una reclamaci\u00f3n ante la Autoridad Espa\u00f1ola de Protecci\u00f3n de Datos, con domicilio en la calle Jorge Juan, n\u00ba 6, 28001 Madrid, a trav\u00e9s de su p\u00e1gina web <a href=\"http:\/\/www.agpd.es\">www.agpd.es<\/a> o a trav\u00e9s de su tel\u00e9fono 901 100 09<\/p>\n\n\n\n<p>Legitimaci\u00f3n.<\/p>\n\n\n\n<p>El usuario presta consentimiento expreso para el tratamiento de sus datos al rellenar cualquiera de los formularios de la web, as\u00ed como en el env\u00edo de cualquier comunicaci\u00f3n por correo electr\u00f3nico a las cuentas de correo que aparecen en la misma.<\/p>\n\n\n\n<p>Para el tratamiento de su informaci\u00f3n personal nos basamos en la legitimaci\u00f3n por varios motivos:<br>\u2022 Para el cumplimiento de un contrato y\/o relaci\u00f3n comercial.<br>\u2022 Para el env\u00edo de ofertas personalizadas de los productos y servicios<\/p>\n\n\n\n<p>Debido a que el tratamiento de los datos del cliente es necesario para una correcta ejecuci\u00f3n de la relaci\u00f3n contractual, se informa a los interesados que est\u00e1n obligados a prestar sus datos personales y que la consecuencia de no hacerlo puede suponer la no prestaci\u00f3n de los servicios contratados.<\/p>\n\n\n\n<p>Procedencia.<\/p>\n\n\n\n<p>Los datos personales que recibe OVER QVYC proceden del usuario o del cliente y han sido cedidos directamente por el propio interesado o su representante legal.<\/p>\n\n\n\n<p>El usuario debe abstenerse de proporcionar datos de car\u00e1cter personal de otros interesados salvo que disponga de la pertinente autorizaci\u00f3n, seg\u00fan la cual los interesados habr\u00e1n sido previa y debidamente informados sobre el contenido de la presente pol\u00edtica de privacidad y en concreto, que consienten que sus datos sean facilitados a OVER QVYC para ser tratados en base a las finalidades aqu\u00ed descritas.<br>En el caso en que OVER QVYC identifique que los datos cedidos por el cliente o usuario no pertenecen al mismo o a su representante legal, podr\u00e1 denegar su solicitud en caso de tener constancia de ello<\/p>\n\n\n\n<p><br>Las categor\u00edas de datos que se tratan son:<br><br>NOMBRE Y APELLIDOS<\/p>\n\n\n\n<p>EMAIL<\/p>\n\n\n\n<p>TEL\u00c9FONO<\/p>\n\n\n\n<p>No se tratan datos especialmente protegidos<\/p>\n\n\n\n<h3 class=\"wp-block-heading\">Confidencialidad.<\/h3>\n\n\n\n<p>OVER QVYC se compromete a mantener el secreto profesional respecto de los datos a los que acceda por parte de los usuarios, y al deber de guardarlos, obligaciones que permanecer\u00e1n a\u00fan despu\u00e9s de finalizar su relaci\u00f3n con la persona contratante. El resto de obligaciones sobre el tratamiento de datos personales se extinguir\u00e1n en el momento en que los datos hayan sido eliminados del fichero de OVER QVYC<\/p>\n\n\n\n<p>Conservaci\u00f3n.<\/p>\n\n\n\n<p>Los datos personales proporcionados por los usuarios se conservar\u00e1n durante el tiempo en que se mantenga una relaci\u00f3n con OVER QVYC o hasta que el usuario solicite la supresi\u00f3n de los mismos.<\/p>\n\n\n\n<p>El usuario declara haber sido correctamente informado de las condiciones de protecci\u00f3n de datos personales aceptando y consintiendo el tratamiento de los mismos mediante su aceptaci\u00f3n en cada uno de los formularios de contacto de la web.<br>As\u00ed mismo, los usuarios podr\u00e1n ejercer en cualquier momento sus derechos ARCO para el tratamiento de sus datos en la forma descrita en dicha pol\u00edtica de privacidad.<\/p>\n","protected":false},"excerpt":{"rendered":"<p>Pol\u00edtica Privacidad. De conformidad con el REGLAMENTO (UE) 2016\/679 DEL PARLAMENTO EUROPEO Y DEL CONSEJO de 27 de abril de 2016 relativo a la protecci\u00f3n de las personas f\u00edsicas en lo que respecta al tratamiento de datos personales y a la libre circulaci\u00f3n de estos datos y por el que se deroga la Directiva 95\/46\/CE &hellip;<\/p>\n<p class=\"read-more\"> <a class=\"\" href=\"https:\/\/overqvyc.com\/index.php\/privacy-policy\/\"> <span class=\"screen-reader-text\">Privacy Policy<\/span> Leer m\u00e1s &raquo;<\/a><\/p>\n","protected":false},"author":1,"featured_media":0,"parent":0,"menu_order":0,"comment_status":"closed","ping_status":"open","template":"","meta":{"_acf_changed":false,"om_disable_all_campaigns":false,"_monsterinsights_skip_tracking":false,"_monsterinsights_sitenote_active":false,"_monsterinsights_sitenote_note":"","_monsterinsights_sitenote_category":0,"footnotes":""},"class_list":["post-3","page","type-page","status-publish","hentry"],"acf":[],"aioseo_notices":[],"jetpack_sharing_enabled":true,"_links":{"self":[{"href":"https:\/\/overqvyc.com\/index.php\/wp-json\/wp\/v2\/pages\/3","targetHints":{"allow":["GET"]}}],"collection":[{"href":"https:\/\/overqvyc.com\/index.php\/wp-json\/wp\/v2\/pages"}],"about":[{"href":"https:\/\/overqvyc.com\/index.php\/wp-json\/wp\/v2\/types\/page"}],"author":[{"embeddable":true,"href":"https:\/\/overqvyc.com\/index.php\/wp-json\/wp\/v2\/users\/1"}],"replies":[{"embeddable":true,"href":"https:\/\/overqvyc.com\/index.php\/wp-json\/wp\/v2\/comments?post=3"}],"version-history":[{"count":2,"href":"https:\/\/overqvyc.com\/index.php\/wp-json\/wp\/v2\/pages\/3\/revisions"}],"predecessor-version":[{"id":1308,"href":"https:\/\/overqvyc.com\/index.php\/wp-json\/wp\/v2\/pages\/3\/revisions\/1308"}],"wp:attachment":[{"href":"https:\/\/overqvyc.com\/index.php\/wp-json\/wp\/v2\/media?parent=3"}],"curies":[{"name":"wp","href":"https:\/\/api.w.org\/{rel}","templated":true}]}}