







{"id":5835,"date":"2025-12-01T19:16:17","date_gmt":"2025-12-01T19:16:17","guid":{"rendered":"https:\/\/overqvyc.com\/?page_id=5835"},"modified":"2025-12-01T21:19:06","modified_gmt":"2025-12-01T21:19:06","slug":"paypal","status":"publish","type":"page","link":"https:\/\/overqvyc.com\/index.php\/paypal\/","title":{"rendered":"Paypal"},"content":{"rendered":"\n<style>\n.payment-wrapper {\n    max-width: 500px;\n    margin: 40px auto;\n    background: #ffffff;\n    padding: 40px 35px;\n    border-radius: 28px;\n    border: 1px solid #e7e7e7;\n    margin-bottom: 50px !important;\n    font-family: 'Poppins', sans-serif;\n}\n\n.payment-wrapper:hover {\n    transform: translateY(-5px);\n    box-shadow: 0 8px 25px rgba(0,0,0,0.12);\n}\n\n.payment-header {\n    display: flex;\n    gap: 20px;\n    align-items: center;\n    margin-bottom: 20px;\n}\n\n.payment-header img {\n    width: 70px;\n}\n\n.payment-title {\n    font-size: 26px;\n    font-weight: 700;\n    color: #0a0a23;\n    line-height: 1.1;\n}\n\n.payment-instructions {\n    margin: 10px 0 25px;\n    color: #777;\n    line-height: 1.7;\n    font-size: 12px;\n}\n\n.separator {\n    height: 0.5px;\n    background: #e3e3e3;\n    margin: 25px 0;\n}\n\n.payment-box {\n    padding: 30px;\n    background: #fafafa;\n    border-radius: 12px;\n    border: 1px solid #e3e3e3;\n}\n\n.payment-footer {\n    margin-top: 25px;\n    text-align: center;\n    color: #555;\n    font-size: 13px;\n}\n\n.payment-footer strong {\n    font-weight: 800;\n}\n\n\n\/* Ocultar elementos del bot\u00f3n de PayPal *\/\ndiv#carousel-container-BLGNJRB4WCFTA,\nh3#desc-label,\np.item-description {\n    display: none !important;\n}\n\n\/* =============================== *\/\n\/* \ud83d\udcf1 Versi\u00f3n MOBILE *\/\n\/* =============================== *\/\n@media (max-width: 600px) {\n\n    .payment-wrapper {\n        padding: 25px 20px;\n        border-radius: 18px;\n        margin: 20px 12px;\n    }\n\n    .payment-header {\n        flex-direction: column;\n        text-align: center;\n    }\n\n    .payment-header img {\n        width: 70px;\n    }\n\n    .payment-title {\n        font-size: 26px;\n        line-height: 1.2;\n    }\n\n    .payment-instructions {\n        font-size: 14px;\n        text-align: left;\n        margin-top: 10px;\n        margin-bottom: 20px;\n    }\n\n    .payment-box {\n        padding: 20px;\n    }\n\n    .payment-footer {\n        font-size: 12px;\n        margin-top: 20px;\n    }\n}\n<\/style>\n\n<div class=\"payment-wrapper\">\n\n    <div class=\"payment-header\">\n        <img decoding=\"async\" src=\"http:\/\/overqvyc.com\/wp-content\/uploads\/2025\/12\/iconavion.png\">\n        <div class=\"payment-title\">Paga tus viajes<br>ahora con Paypal<\/div>\n    <\/div>\n\n    <div class=\"payment-instructions\">\n        1. Escribe el monto de tu compra y presiona el bot\u00f3n de \u201cpagar\u201d.<br>\n        2. Selecciona pagar con PayPal, tarjeta de d\u00e9bito o cr\u00e9dito.<br>\n        3. Escribe el c\u00f3digo de tu reserva y el nombre de tu asesor.<br>\n        4. Toma una captura de la transacci\u00f3n.\n    <\/div>\n\n    <div class=\"separator\"><\/div>\n\n    <div class=\"payment-box\">\n        <!-- PayPal Hosted Button -->\n        <script \n        src=\"https:\/\/www.paypal.com\/sdk\/js?client-id=BAAJSxk04i9OJiFIlHBFRTwnMRVc_58pciQrGAIqkANypaLlhOK2uMMwlDGhIGQ9kYU-1jfcD7O_exeh_E&#038;components=hosted-buttons&#038;disable-funding=venmo&#038;currency=EUR\">\n        <\/script>\n\n        <div id=\"paypal-container-BLGNJRB4WCFTA\"><\/div>\n\n        <script>\n        paypal.HostedButtons({\n            hostedButtonId: \"BLGNJRB4WCFTA\",\n        }).render(\"#paypal-container-BLGNJRB4WCFTA\");\n        <\/script>\n    <\/div>\n\n    <div class=\"payment-footer\">\n        Pago autorizado por <strong>OVERQ VYC SL<\/strong><br>\n        para m\u00e1s informaci\u00f3n comunicarse al +34 910 48 31 89\n    <\/div>\n\n<\/div>\n\n\n\n\n\n","protected":false},"excerpt":{"rendered":"<p>Paga tus viajesahora con Paypal 1. Escribe el monto de tu compra y presiona el bot\u00f3n de \u201cpagar\u201d. 2. Selecciona pagar con PayPal, tarjeta de d\u00e9bito o cr\u00e9dito. 3. Escribe el c\u00f3digo de tu reserva y el nombre de tu asesor. 4. Toma una captura de la transacci\u00f3n. Pago autorizado por OVERQ VYC SL para &hellip;<\/p>\n<p class=\"read-more\"> <a class=\"\" href=\"https:\/\/overqvyc.com\/index.php\/paypal\/\"> <span class=\"screen-reader-text\">Paypal<\/span> Leer m\u00e1s &raquo;<\/a><\/p>\n","protected":false},"author":2,"featured_media":0,"parent":0,"menu_order":0,"comment_status":"closed","ping_status":"closed","template":"","meta":{"_acf_changed":false,"om_disable_all_campaigns":false,"_monsterinsights_skip_tracking":false,"_monsterinsights_sitenote_active":false,"_monsterinsights_sitenote_note":"","_monsterinsights_sitenote_category":0,"footnotes":""},"class_list":["post-5835","page","type-page","status-publish","hentry"],"acf":[],"aioseo_notices":[],"jetpack_sharing_enabled":true,"_links":{"self":[{"href":"https:\/\/overqvyc.com\/index.php\/wp-json\/wp\/v2\/pages\/5835","targetHints":{"allow":["GET"]}}],"collection":[{"href":"https:\/\/overqvyc.com\/index.php\/wp-json\/wp\/v2\/pages"}],"about":[{"href":"https:\/\/overqvyc.com\/index.php\/wp-json\/wp\/v2\/types\/page"}],"author":[{"embeddable":true,"href":"https:\/\/overqvyc.com\/index.php\/wp-json\/wp\/v2\/users\/2"}],"replies":[{"embeddable":true,"href":"https:\/\/overqvyc.com\/index.php\/wp-json\/wp\/v2\/comments?post=5835"}],"version-history":[{"count":19,"href":"https:\/\/overqvyc.com\/index.php\/wp-json\/wp\/v2\/pages\/5835\/revisions"}],"predecessor-version":[{"id":5860,"href":"https:\/\/overqvyc.com\/index.php\/wp-json\/wp\/v2\/pages\/5835\/revisions\/5860"}],"wp:attachment":[{"href":"https:\/\/overqvyc.com\/index.php\/wp-json\/wp\/v2\/media?parent=5835"}],"curies":[{"name":"wp","href":"https:\/\/api.w.org\/{rel}","templated":true}]}}